+ 1 - 2*a**2 - 4 + 0. Let q be k(-3). What is the greatest common factor of q and v?
3
Suppose 4*o - 4*h - 976 = 0, 5*o - 4*h - 690 = 533. What is the greatest common factor of 52 and o?
13
Let z(w) = -8*w**3 - 21*w**2 + 5*w + 3. Let q be z(-3). What is the greatest common factor of 1020 and q?
15
Let c = 4 + 0. Let g = -620 - -648. What is the highest common factor of g and c?
4
Suppose -2417 + 7241 = -8*g. Let j = -427 - g. What is the highest common divisor of j and 44?
44
Suppose -3*w + 18 = 2*d, 5*d - 8 = w + d. Let b(r) = -r**2 + 27*r - 55. Let q be b(26). Let y = q + 31. Calculate the highest common factor of y and w.
2
Suppose -2*z + 24 = -0*z - 4*d, -4*z - 5*d + 74 = 0. Suppose -3 = -3*k + 12. Let w = k - -3. What is the highest common factor of w and z?
8
Suppose -539*a + 532*a + 168 = 0. What is the highest common divisor of 1128 and a?
24
Let l(w) = 4*w**3 + 4*w**2 - 10*w + 35. Let h be l(4). Let x(n) = -5*n + 10. Let q be x(-7). What is the greatest common divisor of h and q?
45
Let o = -53 - -77. Let m(v) = 4*v**2 - 22*v - 4. Let h be m(6). Suppose h*i - 4*i = 144. Calculate the greatest common divisor of i and o.
12
Let y = -220 + 262. Calculate the highest common divisor of 18 and y.
6
Let b = 1365 + -1113. What is the highest common factor of b and 280?
28
Let a be 2425/(-15) - 2/6. Let o be ((-6)/(-4))/((-3)/a). Let y(m) = 2*m**2 - 4*m + 3. Let w be y(3). Calculate the highest common factor of w and o.
9
Let u(r) = 5*r - 2*r - r + 0*r. Let b be u(-6). Let m be 88/b*9/(-6). Calculate the greatest common divisor of m and 11.
11
Let k(d) = 22*d**3 - 2*d**2 + 2*d - 1. Let m be k(1). Suppose 0 = 48*x - 46*x - 378. What is the highest common divisor of x and m?
21
Let h(f) = f**3 + 112. Let c be h(0). What is the highest common factor of 48 and c?
16
Let k(g) = -g - 7. Let a be k(5). Let u = 0 - a. Let m = -7 + 9. Calculate the greatest common factor of m and u.
2
Let v be -4 + 1*(1 + 332). Calculate the highest common factor of v and 47.
47
Let n(y) = -y**2 - 10*y + 16. Let a be n(-11). Suppose -4*r + 32 = 4*j, -j - 33 = -5*j - a*r. Let b = j + -5. What is the greatest common divisor of b and 6?
2
Suppose -3*q - 5*i = -8*q + 40, -2*q = -i - 11. What is the greatest common factor of q and 183?
3
Suppose 19*g - 334 = 9470. What is the greatest common divisor of 36 and g?
12
Suppose r - 292 = -3*z - 816, -3*r - 4*z = 1597. Let d = r - -261. Let u be 7/35 - d/10. Calculate the highest common divisor of u and 140.
28
Let r(s) = 2*s**2 + 4*s - 8. Let w be r(2). Let f be (-1)/((-2)/w) - 3. What is the greatest common factor of f and 7?
1
Suppose -4*h + 305 = -127. Let g = 31 + -4. Calculate the greatest common factor of g and h.
27
Let v(m) = m**3 + 22*m**2 - m - 26. Let w be v(-22). Let q(l) = l**3 + 4*l**2 - 6*l - 8. Let f be q(w). What is the greatest common divisor of 16 and f?
16
Let c = 6 - 3. Let u be 180/3*c/2. Let x = -22 - -58. Calculate the highest common factor of u and x.
18
Let w be 54/(-36) - (-15)/2. Let x = w + -8. Let c be (x - (-1 - 0))*-5. What is the greatest common divisor of 15 and c?
5
Let k be (-4 - -1) + (-1 + 2)*6. Calculate the highest common factor of 24 and k.
3
Suppose 65*z - 54 = 47*z. What is the greatest common factor of z and 27?
3
Suppose -4*t - 4*x = -x - 57, 0 = -t + 5*x + 20. Let y(c) = -c**2 - 16*c + 17. Let z be y(-14). What is the greatest common factor of z and t?
15
Let v be -3 - -176 - ((-2 - -11) + -5). What is the highest common divisor of 91 and v?
13
Let x be 2/(-9*(-7)/441). What is the highest common factor of x and 35?
7
Suppose -2*y = -4*s + 2, -3*s - 4*y = -3*y - 9. Let k(p) = 40*p - 8. Let r be k(s). Calculate the highest common factor of 6 and r.
6
Let v = 1069 - 1067. Suppose -g + 3 = 2*g. What is the greatest common factor of g and v?
1
Suppose 0*y - 20 = -4*y. Let x be 6*1 + (4 - y). Suppose -191 = -x*l + 329. What is the greatest common factor of 13 and l?
13
Suppose -4*y = 5*t - 24, 0*t - 21 = -y - 5*t. Calculate the highest common factor of 2 and y.
1
Let o(c) = 0 + 8*c**3 + 5*c - 15*c**3 + 6*c**3 - 2*c**2 + 6. Let y be o(-4). Let k be ((-60)/y)/((-2)/27). What is the greatest common divisor of k and 18?
9
Suppose -4*y + 0*y = -4. Suppose -5*x + y = -49. Let k = 144 + -134. Calculate the greatest common divisor of x and k.
10
Suppose 5*n = 29 - 9. Calculate the highest common divisor of 38 and n.
2
Suppose 4*t - 18 - 160 = 5*v, -5*v = 5*t - 245. Let x = t + -30. Calculate the greatest common divisor of x and 68.
17
Suppose -20 = -5*v, -3*v = -k - 4*k + 638. Let p = 23 + 3. What is the highest common factor of p and k?
26
Let k be 3/(((-3)/90)/(-1)). Calculate the greatest common divisor of k and 18.
18
Let w be (0 - -36)/(9/((-378)/(-12))). Let o(f) = f**3 - 7*f**2 + 2*f. Let g be o(7). Calculate the highest common factor of w and g.
14
Suppose -2*n = -5*n + 87. Calculate the greatest common divisor of 145 and n.
29
Let d = 328 - 507. Let u = d - -267. Calculate the greatest common factor of 8 and u.
8
Let h = 62 + -16. Suppose -j = s - h, 5*s - s = -j + 172. Let c = s - 21. What is the highest common divisor of 3 and c?
3
Let r = -31 - -46. Suppose -3*t - 12 = 0, 3*t + r = j - 4*j. Let x = 1 - j. What is the highest common factor of x and 10?
2
Suppose -2*w + 0*d = 3*d - 47, -155 = -5*w + 5*d. What is the greatest common factor of 112 and w?
28
Let w(s) = -7*s + 1. Let n be w(-3). Suppose 386 = 23*a - 677 + 51. What is the highest common factor of a and n?
22
Suppose 0 = g - 3*f + 6*f - 8, -5*g + 2*f = -91. Let a = g - -13. What is the highest common factor of 6 and a?
6
Let r be 3/(-2) - 738/(-12). Let y = 39 + r. Suppose -s + 5 = -6. Calculate the highest common divisor of y and s.
11
Let d = -19 + 53. Let s be (-2)/4*0/5 - -51. Calculate the highest common divisor of s and d.
17
Suppose -30*y = 313 - 673. Calculate the highest common divisor of 23 and y.
1
Let f be ((-3)/4)/(585/(-48) + 12). What is the greatest common divisor of f and 244?
4
Suppose -40 = -2*p + h, -7*p + 2*p = 3*h - 100. What is the greatest common factor of 50 and p?
10
Let m be (-1 - (-4)/14)/((-47)/1645). Suppose -h = x - 227, -3*x + 5*x = -h + 452. Calculate the greatest common divisor of m and x.
25
Let j be 26/6 + (-24)/(-36). What is the greatest common divisor of 1060 and j?
5
Suppose 11 + 7 = 2*q. Let o be (-1 + 1)/(q + -10). Suppose o = 4*f + 2*b - 0*b - 148, 8 = -2*b. What is the greatest common factor of 13 and f?
13
Let r be ((-35)/(-14))/((-1)/4). Let i(p) = -p**2 - 12*p + 1. Let o be i(r). What is the highest common factor of 7 and o?
7
Suppose 209*h + 80 = 211*h. Calculate the highest common divisor of h and 320.
40
Suppose 19*s - 25549 + 25530 = 0. Let t(p) = -p**3 + 6*p**2 - 4*p + 3. Let x be t(2). Calculate the highest common factor of s and x.
1
Suppose 0 = -6*i + 14 + 94. Let z be (0 + 9)*i/27. Suppose 0 = z*m - 125 - 49. What is the greatest common factor of m and 145?
29
Let n(g) = 24*g - 103. Let c be n(6). Calculate the highest common divisor of 41 and c.
41
Suppose 3*j + d = 56, 5*d = -5*j - 27 + 107. Calculate the highest common factor of 16 and j.
4
Let j = -1112 + 1148. Suppose 3*p + 3 = 0, 4*f = -p + 35 + 12. Calculate the highest common divisor of f and j.
12
Let p be 1*61 - (19 + -7 + -13). What is the highest common factor of 1550 and p?
62
Let f = 198 + -43. Suppose 4*k - 92 = -4*t, -f = -4*t - t + 3*k. Calculate the greatest common divisor of 14 and t.
14
Let i be (-4)/(-14) - 474/(-7). Let d = i - 63. What is the highest common divisor of 15 and d?
5
Let u = -33 + 58. Suppose -500 = -1519*j + 1515*j. Calculate the greatest common factor of j and u.
25
Let r(v) = 26*v**2 - 17*v - 5. Let j be r(2). Suppose -4 = -o - 2. Let d be 55/o - 3/2. What is the highest common divisor of d and j?
13
Let c be 2 + -1 - 2 - -7. Suppose 11*p - 14*p + 63 = 0. Calculate the greatest common divisor of c and p.
3
Let k = -2300 - -2324. Let d(q) = 4*q**2 + 4*q. Let p be d(-3). What is the highest common factor of p and k?
24
Suppose 0 = -12*s - 292 + 1180. Calculate the highest common divisor of s and 2.
2
Suppose -30 - 129 = -3*y. What is the greatest common factor of y and 53?
53
Let t(g) = 4 + g - 7*g - 1 + 8*g**2 - g**3. Let a(s) = 3*s - 4. Let y be a(3). Let n be t(y). Calculate t